{"id":44,"date":"2024-01-07T17:11:00","date_gmt":"2024-01-07T17:11:00","guid":{"rendered":"https:\/\/xn--logopdische-praxis-katrin-karstedt-f4c.de\/?page_id=44"},"modified":"2025-06-11T05:37:14","modified_gmt":"2025-06-11T05:37:14","slug":"praxis","status":"publish","type":"page","link":"https:\/\/xn--logopdische-praxis-katrin-karstedt-f4c.de\/?page_id=44","title":{"rendered":"Praxis"},"content":{"rendered":"\n<hr class=\"wp-block-separator has-alpha-channel-opacity\"\/>\n\n\n\n<p><\/p>\n\n\n\n<figure class=\"wp-block-gallery has-nested-images columns-2 is-cropped wp-block-gallery-1 is-layout-flex wp-block-gallery-is-layout-flex\">\n<figure class=\"wp-block-image size-large\"><img loading=\"lazy\" decoding=\"async\" width=\"683\" height=\"1024\" data-id=\"139\" src=\"https:\/\/xn--logopdische-praxis-katrin-karstedt-f4c.de\/wp-content\/uploads\/2025\/06\/IMG_9435-683x1024.jpg\" alt=\"\" class=\"wp-image-139\" srcset=\"https:\/\/xn--logopdische-praxis-katrin-karstedt-f4c.de\/wp-content\/uploads\/2025\/06\/IMG_9435-683x1024.jpg 683w, https:\/\/xn--logopdische-praxis-katrin-karstedt-f4c.de\/wp-content\/uploads\/2025\/06\/IMG_9435-200x300.jpg 200w, https:\/\/xn--logopdische-praxis-katrin-karstedt-f4c.de\/wp-content\/uploads\/2025\/06\/IMG_9435-768x1152.jpg 768w, https:\/\/xn--logopdische-praxis-katrin-karstedt-f4c.de\/wp-content\/uploads\/2025\/06\/IMG_9435-1024x1536.jpg 1024w, https:\/\/xn--logopdische-praxis-katrin-karstedt-f4c.de\/wp-content\/uploads\/2025\/06\/IMG_9435-1365x2048.jpg 1365w, https:\/\/xn--logopdische-praxis-katrin-karstedt-f4c.de\/wp-content\/uploads\/2025\/06\/IMG_9435-1140x1710.jpg 1140w, https:\/\/xn--logopdische-praxis-katrin-karstedt-f4c.de\/wp-content\/uploads\/2025\/06\/IMG_9435.jpg 1440w\" sizes=\"auto, (max-width: 683px) 100vw, 683px\" \/><\/figure>\n\n\n\n<figure class=\"wp-block-image size-large\"><img loading=\"lazy\" decoding=\"async\" width=\"1024\" height=\"683\" data-id=\"141\" src=\"https:\/\/xn--logopdische-praxis-katrin-karstedt-f4c.de\/wp-content\/uploads\/2025\/06\/IMG_9423-1024x683.jpg\" alt=\"\" class=\"wp-image-141\" srcset=\"https:\/\/xn--logopdische-praxis-katrin-karstedt-f4c.de\/wp-content\/uploads\/2025\/06\/IMG_9423-1024x683.jpg 1024w, https:\/\/xn--logopdische-praxis-katrin-karstedt-f4c.de\/wp-content\/uploads\/2025\/06\/IMG_9423-300x200.jpg 300w, https:\/\/xn--logopdische-praxis-katrin-karstedt-f4c.de\/wp-content\/uploads\/2025\/06\/IMG_9423-768x512.jpg 768w, https:\/\/xn--logopdische-praxis-katrin-karstedt-f4c.de\/wp-content\/uploads\/2025\/06\/IMG_9423-1536x1024.jpg 1536w, https:\/\/xn--logopdische-praxis-katrin-karstedt-f4c.de\/wp-content\/uploads\/2025\/06\/IMG_9423-2048x1365.jpg 2048w, https:\/\/xn--logopdische-praxis-katrin-karstedt-f4c.de\/wp-content\/uploads\/2025\/06\/IMG_9423-1140x760.jpg 1140w\" sizes=\"auto, (max-width: 1024px) 100vw, 1024px\" \/><\/figure>\n\n\n\n<figure class=\"wp-block-image size-large\"><img loading=\"lazy\" decoding=\"async\" width=\"1024\" height=\"683\" data-id=\"144\" src=\"https:\/\/xn--logopdische-praxis-katrin-karstedt-f4c.de\/wp-content\/uploads\/2025\/06\/IMG_9424-1024x683.jpg\" alt=\"\" class=\"wp-image-144\" srcset=\"https:\/\/xn--logopdische-praxis-katrin-karstedt-f4c.de\/wp-content\/uploads\/2025\/06\/IMG_9424-1024x683.jpg 1024w, https:\/\/xn--logopdische-praxis-katrin-karstedt-f4c.de\/wp-content\/uploads\/2025\/06\/IMG_9424-300x200.jpg 300w, https:\/\/xn--logopdische-praxis-katrin-karstedt-f4c.de\/wp-content\/uploads\/2025\/06\/IMG_9424-768x512.jpg 768w, https:\/\/xn--logopdische-praxis-katrin-karstedt-f4c.de\/wp-content\/uploads\/2025\/06\/IMG_9424-1536x1024.jpg 1536w, https:\/\/xn--logopdische-praxis-katrin-karstedt-f4c.de\/wp-content\/uploads\/2025\/06\/IMG_9424-2048x1365.jpg 2048w, https:\/\/xn--logopdische-praxis-katrin-karstedt-f4c.de\/wp-content\/uploads\/2025\/06\/IMG_9424-1140x760.jpg 1140w\" sizes=\"auto, (max-width: 1024px) 100vw, 1024px\" \/><\/figure>\n\n\n\n<figure class=\"wp-block-image size-large\"><img loading=\"lazy\" decoding=\"async\" width=\"1024\" height=\"706\" data-id=\"143\" src=\"https:\/\/xn--logopdische-praxis-katrin-karstedt-f4c.de\/wp-content\/uploads\/2025\/06\/IMG_9420-1-1024x706.jpg\" alt=\"\" class=\"wp-image-143\" srcset=\"https:\/\/xn--logopdische-praxis-katrin-karstedt-f4c.de\/wp-content\/uploads\/2025\/06\/IMG_9420-1-1024x706.jpg 1024w, https:\/\/xn--logopdische-praxis-katrin-karstedt-f4c.de\/wp-content\/uploads\/2025\/06\/IMG_9420-1-300x207.jpg 300w, https:\/\/xn--logopdische-praxis-katrin-karstedt-f4c.de\/wp-content\/uploads\/2025\/06\/IMG_9420-1-768x530.jpg 768w, https:\/\/xn--logopdische-praxis-katrin-karstedt-f4c.de\/wp-content\/uploads\/2025\/06\/IMG_9420-1-1536x1060.jpg 1536w, https:\/\/xn--logopdische-praxis-katrin-karstedt-f4c.de\/wp-content\/uploads\/2025\/06\/IMG_9420-1-2048x1413.jpg 2048w, https:\/\/xn--logopdische-praxis-katrin-karstedt-f4c.de\/wp-content\/uploads\/2025\/06\/IMG_9420-1-1140x786.jpg 1140w\" sizes=\"auto, (max-width: 1024px) 100vw, 1024px\" \/><\/figure>\n\n\n\n<figure class=\"wp-block-image size-large\"><img loading=\"lazy\" decoding=\"async\" width=\"1024\" height=\"682\" data-id=\"145\" src=\"https:\/\/xn--logopdische-praxis-katrin-karstedt-f4c.de\/wp-content\/uploads\/2025\/06\/IMG_9428-1024x682.jpg\" alt=\"\" class=\"wp-image-145\" srcset=\"https:\/\/xn--logopdische-praxis-katrin-karstedt-f4c.de\/wp-content\/uploads\/2025\/06\/IMG_9428-1024x682.jpg 1024w, https:\/\/xn--logopdische-praxis-katrin-karstedt-f4c.de\/wp-content\/uploads\/2025\/06\/IMG_9428-300x200.jpg 300w, https:\/\/xn--logopdische-praxis-katrin-karstedt-f4c.de\/wp-content\/uploads\/2025\/06\/IMG_9428-768x512.jpg 768w, https:\/\/xn--logopdische-praxis-katrin-karstedt-f4c.de\/wp-content\/uploads\/2025\/06\/IMG_9428-1536x1024.jpg 1536w, https:\/\/xn--logopdische-praxis-katrin-karstedt-f4c.de\/wp-content\/uploads\/2025\/06\/IMG_9428-2048x1365.jpg 2048w, https:\/\/xn--logopdische-praxis-katrin-karstedt-f4c.de\/wp-content\/uploads\/2025\/06\/IMG_9428-1140x760.jpg 1140w\" sizes=\"auto, (max-width: 1024px) 100vw, 1024px\" \/><\/figure>\n\n\n\n<figure class=\"wp-block-image size-large\"><img loading=\"lazy\" decoding=\"async\" width=\"1024\" height=\"682\" data-id=\"146\" src=\"https:\/\/xn--logopdische-praxis-katrin-karstedt-f4c.de\/wp-content\/uploads\/2025\/06\/IMG_9418-1024x682.jpg\" alt=\"\" class=\"wp-image-146\" srcset=\"https:\/\/xn--logopdische-praxis-katrin-karstedt-f4c.de\/wp-content\/uploads\/2025\/06\/IMG_9418-1024x682.jpg 1024w, https:\/\/xn--logopdische-praxis-katrin-karstedt-f4c.de\/wp-content\/uploads\/2025\/06\/IMG_9418-300x200.jpg 300w, https:\/\/xn--logopdische-praxis-katrin-karstedt-f4c.de\/wp-content\/uploads\/2025\/06\/IMG_9418-768x512.jpg 768w, https:\/\/xn--logopdische-praxis-katrin-karstedt-f4c.de\/wp-content\/uploads\/2025\/06\/IMG_9418-1536x1024.jpg 1536w, https:\/\/xn--logopdische-praxis-katrin-karstedt-f4c.de\/wp-content\/uploads\/2025\/06\/IMG_9418-2048x1365.jpg 2048w, https:\/\/xn--logopdische-praxis-katrin-karstedt-f4c.de\/wp-content\/uploads\/2025\/06\/IMG_9418-1140x760.jpg 1140w\" sizes=\"auto, (max-width: 1024px) 100vw, 1024px\" \/><\/figure>\n\n\n\n<figure class=\"wp-block-image size-large\"><img loading=\"lazy\" decoding=\"async\" width=\"1024\" height=\"651\" data-id=\"153\" src=\"https:\/\/xn--logopdische-praxis-katrin-karstedt-f4c.de\/wp-content\/uploads\/2025\/06\/IMG_9419-1024x651.jpg\" alt=\"\" class=\"wp-image-153\" srcset=\"https:\/\/xn--logopdische-praxis-katrin-karstedt-f4c.de\/wp-content\/uploads\/2025\/06\/IMG_9419-1024x651.jpg 1024w, https:\/\/xn--logopdische-praxis-katrin-karstedt-f4c.de\/wp-content\/uploads\/2025\/06\/IMG_9419-300x191.jpg 300w, https:\/\/xn--logopdische-praxis-katrin-karstedt-f4c.de\/wp-content\/uploads\/2025\/06\/IMG_9419-768x488.jpg 768w, https:\/\/xn--logopdische-praxis-katrin-karstedt-f4c.de\/wp-content\/uploads\/2025\/06\/IMG_9419-1536x976.jpg 1536w, https:\/\/xn--logopdische-praxis-katrin-karstedt-f4c.de\/wp-content\/uploads\/2025\/06\/IMG_9419-2048x1301.jpg 2048w, https:\/\/xn--logopdische-praxis-katrin-karstedt-f4c.de\/wp-content\/uploads\/2025\/06\/IMG_9419-1140x724.jpg 1140w\" sizes=\"auto, (max-width: 1024px) 100vw, 1024px\" \/><\/figure>\n\n\n\n<figure class=\"wp-block-image size-large\"><img loading=\"lazy\" decoding=\"async\" width=\"1024\" height=\"694\" data-id=\"148\" src=\"https:\/\/xn--logopdische-praxis-katrin-karstedt-f4c.de\/wp-content\/uploads\/2025\/06\/IMG_9433-1024x694.jpg\" alt=\"\" class=\"wp-image-148\" srcset=\"https:\/\/xn--logopdische-praxis-katrin-karstedt-f4c.de\/wp-content\/uploads\/2025\/06\/IMG_9433-1024x694.jpg 1024w, https:\/\/xn--logopdische-praxis-katrin-karstedt-f4c.de\/wp-content\/uploads\/2025\/06\/IMG_9433-300x203.jpg 300w, https:\/\/xn--logopdische-praxis-katrin-karstedt-f4c.de\/wp-content\/uploads\/2025\/06\/IMG_9433-768x521.jpg 768w, https:\/\/xn--logopdische-praxis-katrin-karstedt-f4c.de\/wp-content\/uploads\/2025\/06\/IMG_9433-1536x1041.jpg 1536w, https:\/\/xn--logopdische-praxis-katrin-karstedt-f4c.de\/wp-content\/uploads\/2025\/06\/IMG_9433-2048x1388.jpg 2048w, https:\/\/xn--logopdische-praxis-katrin-karstedt-f4c.de\/wp-content\/uploads\/2025\/06\/IMG_9433-1140x773.jpg 1140w\" sizes=\"auto, (max-width: 1024px) 100vw, 1024px\" \/><\/figure>\n<\/figure>\n\n\n\n<p><\/p>\n\n\n\n<hr class=\"wp-block-separator has-alpha-channel-opacity\"\/>\n\n\n\n<p><\/p>\n\n\n\n<p class=\"has-large-font-size\"><strong>Sie finden mich in der<\/strong><\/p>\n\n\n\n<p><\/p>\n\n\n\n<p>Halberst\u00e4dter Str. 100<br>39112 Magdeburg<\/p>\n\n\n\n<p>Unsere Praxis befindet sich in Magdeburg\/Sudenburg, in der N\u00e4he an der Bus- und Bahnhaltestelle Eiskellerplatz.<\/p>\n\n\n\n<p>Stra\u00dfenbahn 1 und 10<\/p>\n\n\n\n<p>Bus 52<\/p>\n\n\n\n<p>Autofahrer finden auf dem Hinterhof ausreichend Parkpl\u00e4tze.<\/p>\n\n\n\n<p><\/p>\n\n\n\n<hr class=\"wp-block-separator has-alpha-channel-opacity\"\/>\n\n\n\n<p><\/p>\n\n\n\n<figure class=\"wp-block-image size-large\"><img loading=\"lazy\" decoding=\"async\" width=\"1024\" height=\"534\" src=\"https:\/\/xn--logopdische-praxis-katrin-karstedt-f4c.de\/wp-content\/uploads\/2025\/06\/Karte-1-1024x534.png\" alt=\"\" class=\"wp-image-164\" srcset=\"https:\/\/xn--logopdische-praxis-katrin-karstedt-f4c.de\/wp-content\/uploads\/2025\/06\/Karte-1-1024x534.png 1024w, https:\/\/xn--logopdische-praxis-katrin-karstedt-f4c.de\/wp-content\/uploads\/2025\/06\/Karte-1-300x157.png 300w, https:\/\/xn--logopdische-praxis-katrin-karstedt-f4c.de\/wp-content\/uploads\/2025\/06\/Karte-1-768x401.png 768w, https:\/\/xn--logopdische-praxis-katrin-karstedt-f4c.de\/wp-content\/uploads\/2025\/06\/Karte-1-1536x801.png 1536w, https:\/\/xn--logopdische-praxis-katrin-karstedt-f4c.de\/wp-content\/uploads\/2025\/06\/Karte-1-2048x1068.png 2048w, https:\/\/xn--logopdische-praxis-katrin-karstedt-f4c.de\/wp-content\/uploads\/2025\/06\/Karte-1-1140x595.png 1140w\" sizes=\"auto, (max-width: 1024px) 100vw, 1024px\" \/><\/figure>\n\n\n\n<p><\/p>\n\n\n\n<hr class=\"wp-block-separator has-alpha-channel-opacity\"\/>\n\n\n\n<p><br>Eingang<br><\/p>\n\n\n\n<figure class=\"wp-block-image size-large\"><img loading=\"lazy\" decoding=\"async\" width=\"1024\" height=\"648\" src=\"https:\/\/xn--logopdische-praxis-katrin-karstedt-f4c.de\/wp-content\/uploads\/2025\/06\/IMG_7029_2-1024x648.jpg\" alt=\"\" class=\"wp-image-149\" srcset=\"https:\/\/xn--logopdische-praxis-katrin-karstedt-f4c.de\/wp-content\/uploads\/2025\/06\/IMG_7029_2-1024x648.jpg 1024w, https:\/\/xn--logopdische-praxis-katrin-karstedt-f4c.de\/wp-content\/uploads\/2025\/06\/IMG_7029_2-300x190.jpg 300w, https:\/\/xn--logopdische-praxis-katrin-karstedt-f4c.de\/wp-content\/uploads\/2025\/06\/IMG_7029_2-768x486.jpg 768w, https:\/\/xn--logopdische-praxis-katrin-karstedt-f4c.de\/wp-content\/uploads\/2025\/06\/IMG_7029_2-1536x973.jpg 1536w, https:\/\/xn--logopdische-praxis-katrin-karstedt-f4c.de\/wp-content\/uploads\/2025\/06\/IMG_7029_2-2048x1297.jpg 2048w, https:\/\/xn--logopdische-praxis-katrin-karstedt-f4c.de\/wp-content\/uploads\/2025\/06\/IMG_7029_2-1140x722.jpg 1140w\" sizes=\"auto, (max-width: 1024px) 100vw, 1024px\" \/><\/figure>\n\n\n\n<p><br>Parkplatz<br><\/p>\n\n\n\n<figure class=\"wp-block-image size-large\"><img loading=\"lazy\" decoding=\"async\" width=\"1024\" height=\"683\" src=\"https:\/\/xn--logopdische-praxis-katrin-karstedt-f4c.de\/wp-content\/uploads\/2025\/06\/IMG_9444-1024x683.jpg\" alt=\"\" class=\"wp-image-151\" srcset=\"https:\/\/xn--logopdische-praxis-katrin-karstedt-f4c.de\/wp-content\/uploads\/2025\/06\/IMG_9444-1024x683.jpg 1024w, https:\/\/xn--logopdische-praxis-katrin-karstedt-f4c.de\/wp-content\/uploads\/2025\/06\/IMG_9444-300x200.jpg 300w, https:\/\/xn--logopdische-praxis-katrin-karstedt-f4c.de\/wp-content\/uploads\/2025\/06\/IMG_9444-768x512.jpg 768w, https:\/\/xn--logopdische-praxis-katrin-karstedt-f4c.de\/wp-content\/uploads\/2025\/06\/IMG_9444-1536x1024.jpg 1536w, https:\/\/xn--logopdische-praxis-katrin-karstedt-f4c.de\/wp-content\/uploads\/2025\/06\/IMG_9444-2048x1365.jpg 2048w, https:\/\/xn--logopdische-praxis-katrin-karstedt-f4c.de\/wp-content\/uploads\/2025\/06\/IMG_9444-1140x760.jpg 1140w\" sizes=\"auto, (max-width: 1024px) 100vw, 1024px\" \/><\/figure>\n","protected":false},"excerpt":{"rendered":"<p>Sie finden mich in der Halberst\u00e4dter Str. 10039112 Magdeburg Unsere Praxis befindet sich in Magdeburg\/Sudenburg, in der N\u00e4he an der Bus- und Bahnhaltestelle Eiskellerplatz. Stra\u00dfenbahn 1 und 10 Bus 52 Autofahrer finden auf dem Hinterhof ausreichend Parkpl\u00e4tze. Eingang Parkplatz<\/p>\n","protected":false},"author":1,"featured_media":0,"parent":0,"menu_order":0,"comment_status":"closed","ping_status":"closed","template":"","meta":{"footnotes":""},"class_list":["post-44","page","type-page","status-publish","hentry"],"_links":{"self":[{"href":"https:\/\/xn--logopdische-praxis-katrin-karstedt-f4c.de\/index.php?rest_route=\/wp\/v2\/pages\/44","targetHints":{"allow":["GET"]}}],"collection":[{"href":"https:\/\/xn--logopdische-praxis-katrin-karstedt-f4c.de\/index.php?rest_route=\/wp\/v2\/pages"}],"about":[{"href":"https:\/\/xn--logopdische-praxis-katrin-karstedt-f4c.de\/index.php?rest_route=\/wp\/v2\/types\/page"}],"author":[{"embeddable":true,"href":"https:\/\/xn--logopdische-praxis-katrin-karstedt-f4c.de\/index.php?rest_route=\/wp\/v2\/users\/1"}],"replies":[{"embeddable":true,"href":"https:\/\/xn--logopdische-praxis-katrin-karstedt-f4c.de\/index.php?rest_route=%2Fwp%2Fv2%2Fcomments&post=44"}],"version-history":[{"count":15,"href":"https:\/\/xn--logopdische-praxis-katrin-karstedt-f4c.de\/index.php?rest_route=\/wp\/v2\/pages\/44\/revisions"}],"predecessor-version":[{"id":181,"href":"https:\/\/xn--logopdische-praxis-katrin-karstedt-f4c.de\/index.php?rest_route=\/wp\/v2\/pages\/44\/revisions\/181"}],"wp:attachment":[{"href":"https:\/\/xn--logopdische-praxis-katrin-karstedt-f4c.de\/index.php?rest_route=%2Fwp%2Fv2%2Fmedia&parent=44"}],"curies":[{"name":"wp","href":"https:\/\/api.w.org\/{rel}","templated":true}]}}