{"id":31,"date":"2024-01-07T16:43:34","date_gmt":"2024-01-07T16:43:34","guid":{"rendered":"https:\/\/xn--logopdische-praxis-katrin-karstedt-f4c.de\/?page_id=31"},"modified":"2025-06-11T04:30:20","modified_gmt":"2025-06-11T04:30:20","slug":"herzlich-willkommen","status":"publish","type":"page","link":"https:\/\/xn--logopdische-praxis-katrin-karstedt-f4c.de\/","title":{"rendered":"Herzlich Willkommen"},"content":{"rendered":"\n<p class=\"has-text-align-center\">auf der Internetseite der Logop\u00e4dischen Praxis Katrin Karstedt<br><\/p>\n\n\n\n<hr class=\"wp-block-separator has-alpha-channel-opacity\"\/>\n\n\n\n<p><br>Ich diagnostiziere und behandele Stimm-, Sprach-, Sprech- und Schluckst\u00f6rungen.<\/p>\n\n\n\n<p>Sie ben\u00f6tigen f\u00fcr Logop\u00e4dische Leistungen eine Heilmittelverordnung von Ihrem Hausarzt, Kinderarzt, Neurologen, HNO-Arzt, Phoniater.<\/p>\n\n\n\n<p>Bei entsprechender Verordnung f\u00fchre ich auch Hausbesuche durch.<br><\/p>\n\n\n\n<p>Ich freue mich auf Ihren Besuch!<\/p>\n\n\n\n<p>Ihre Katrin Karstedt<\/p>\n\n\n\n<p><\/p>\n\n\n\n<p><\/p>\n","protected":false},"excerpt":{"rendered":"<p>auf der Internetseite der Logop\u00e4dischen Praxis Katrin Karstedt Ich diagnostiziere und behandele Stimm-, Sprach-, Sprech- und Schluckst\u00f6rungen. Sie ben\u00f6tigen f\u00fcr Logop\u00e4dische Leistungen eine Heilmittelverordnung von Ihrem Hausarzt, Kinderarzt, Neurologen, HNO-Arzt, Phoniater. Bei entsprechender Verordnung f\u00fchre ich auch Hausbesuche durch. Ich freue mich auf Ihren Besuch! Ihre Katrin Karstedt<\/p>\n","protected":false},"author":1,"featured_media":0,"parent":0,"menu_order":0,"comment_status":"closed","ping_status":"closed","template":"","meta":{"footnotes":""},"class_list":["post-31","page","type-page","status-publish","hentry"],"_links":{"self":[{"href":"https:\/\/xn--logopdische-praxis-katrin-karstedt-f4c.de\/index.php?rest_route=\/wp\/v2\/pages\/31","targetHints":{"allow":["GET"]}}],"collection":[{"href":"https:\/\/xn--logopdische-praxis-katrin-karstedt-f4c.de\/index.php?rest_route=\/wp\/v2\/pages"}],"about":[{"href":"https:\/\/xn--logopdische-praxis-katrin-karstedt-f4c.de\/index.php?rest_route=\/wp\/v2\/types\/page"}],"author":[{"embeddable":true,"href":"https:\/\/xn--logopdische-praxis-katrin-karstedt-f4c.de\/index.php?rest_route=\/wp\/v2\/users\/1"}],"replies":[{"embeddable":true,"href":"https:\/\/xn--logopdische-praxis-katrin-karstedt-f4c.de\/index.php?rest_route=%2Fwp%2Fv2%2Fcomments&post=31"}],"version-history":[{"count":15,"href":"https:\/\/xn--logopdische-praxis-katrin-karstedt-f4c.de\/index.php?rest_route=\/wp\/v2\/pages\/31\/revisions"}],"predecessor-version":[{"id":173,"href":"https:\/\/xn--logopdische-praxis-katrin-karstedt-f4c.de\/index.php?rest_route=\/wp\/v2\/pages\/31\/revisions\/173"}],"wp:attachment":[{"href":"https:\/\/xn--logopdische-praxis-katrin-karstedt-f4c.de\/index.php?rest_route=%2Fwp%2Fv2%2Fmedia&parent=31"}],"curies":[{"name":"wp","href":"https:\/\/api.w.org\/{rel}","templated":true}]}}